{"id":9,"date":"2021-03-16T08:33:25","date_gmt":"2021-03-16T07:33:25","guid":{"rendered":"http:\/\/dib-jahresbericht.local\/?page_id=9"},"modified":"2025-03-26T08:52:21","modified_gmt":"2025-03-26T07:52:21","slug":"impressum","status":"publish","type":"page","link":"https:\/\/ib.uzh.ch\/apps\/geschaeftsbericht\/impressum\/","title":{"rendered":"Impressum"},"content":{"rendered":"\r\n<p><b>Verantwortlich f\u00fcr den Inhalt dieser Seite:<br \/><\/b>Universit\u00e4t Z\u00fcrich<br \/>Direktion Immobilien und Betrieb<br \/>Kommunikation<\/p>\r\n<p>Pfingstweidstrasse 60<br \/>8005 Z\u00fcrich<br \/><a href=\"mailto:dialog@ib.uzh.ch\" target=\"_blank\" rel=\"noopener\">dialog@ib.uzh.ch<\/a><\/p>\r\n<p><strong>Konzeption, Gestaltung und Programmierung:<\/strong><br \/><a href=\"http:\/\/www.buero4.ch\/\" target=\"_blank\" rel=\"noopener noreferrer nofollow\">B\u00fcro4, Z\u00fcrich<\/a><\/p>\r\n","protected":false},"excerpt":{"rendered":"<p>Verantwortlich f\u00fcr den Inhalt dieser Seite:Universit\u00e4t Z\u00fcrichDirektion Immobilien und BetriebKommunikation Pfingstweidstrasse 608005 Z\u00fcrichdialog@ib.uzh.ch Konzeption, Gestaltung und Programmierung:B\u00fcro4, Z\u00fcrich<\/p>\n","protected":false},"author":10,"featured_media":0,"parent":0,"menu_order":3,"comment_status":"closed","ping_status":"closed","template":"","meta":{"_acf_changed":false,"inline_featured_image":false,"footnotes":""},"class_list":["post-9","page","type-page","status-publish","hentry"],"acf":[],"yoast_head":"<!-- This site is optimized with the Yoast SEO plugin v27.5 - https:\/\/yoast.com\/product\/yoast-seo-wordpress\/ -->\n<title>Impressum - DIB Gesch\u00e4ftsbericht<\/title>\n<meta name=\"robots\" content=\"index, follow, max-snippet:-1, max-image-preview:large, max-video-preview:-1\" \/>\n<link rel=\"canonical\" href=\"https:\/\/ib.uzh.ch\/apps\/geschaeftsbericht\/impressum\/\" \/>\n<meta property=\"og:locale\" content=\"de_DE\" \/>\n<meta property=\"og:type\" content=\"article\" \/>\n<meta property=\"og:title\" content=\"Impressum - DIB Gesch\u00e4ftsbericht\" \/>\n<meta property=\"og:description\" content=\"Verantwortlich f\u00fcr den Inhalt dieser Seite:Universit\u00e4t Z\u00fcrichDirektion Immobilien und BetriebKommunikation Pfingstweidstrasse 608005 Z\u00fcrichdialog@ib.uzh.ch Konzeption, Gestaltung und Programmierung:B\u00fcro4, Z\u00fcrich\" \/>\n<meta property=\"og:url\" content=\"https:\/\/ib.uzh.ch\/apps\/geschaeftsbericht\/impressum\/\" \/>\n<meta property=\"og:site_name\" content=\"DIB Gesch\u00e4ftsbericht\" \/>\n<meta property=\"article:modified_time\" content=\"2025-03-26T07:52:21+00:00\" \/>\n<meta name=\"twitter:card\" content=\"summary_large_image\" \/>\n<meta name=\"twitter:label1\" content=\"Gesch\u00e4tzte Lesezeit\" \/>\n\t<meta name=\"twitter:data1\" content=\"1\u00a0Minute\" \/>\n<script type=\"application\/ld+json\" class=\"yoast-schema-graph\">{\"@context\":\"https:\\\/\\\/schema.org\",\"@graph\":[{\"@type\":\"WebPage\",\"@id\":\"https:\\\/\\\/ib.uzh.ch\\\/apps\\\/geschaeftsbericht\\\/impressum\\\/\",\"url\":\"https:\\\/\\\/ib.uzh.ch\\\/apps\\\/geschaeftsbericht\\\/impressum\\\/\",\"name\":\"Impressum - DIB Gesch\u00e4ftsbericht\",\"isPartOf\":{\"@id\":\"https:\\\/\\\/ib.uzh.ch\\\/apps\\\/geschaeftsbericht\\\/#website\"},\"datePublished\":\"2021-03-16T07:33:25+00:00\",\"dateModified\":\"2025-03-26T07:52:21+00:00\",\"breadcrumb\":{\"@id\":\"https:\\\/\\\/ib.uzh.ch\\\/apps\\\/geschaeftsbericht\\\/impressum\\\/#breadcrumb\"},\"inLanguage\":\"de\",\"potentialAction\":[{\"@type\":\"ReadAction\",\"target\":[\"https:\\\/\\\/ib.uzh.ch\\\/apps\\\/geschaeftsbericht\\\/impressum\\\/\"]}]},{\"@type\":\"BreadcrumbList\",\"@id\":\"https:\\\/\\\/ib.uzh.ch\\\/apps\\\/geschaeftsbericht\\\/impressum\\\/#breadcrumb\",\"itemListElement\":[{\"@type\":\"ListItem\",\"position\":1,\"name\":\"Startseite\",\"item\":\"https:\\\/\\\/ib.uzh.ch\\\/apps\\\/geschaeftsbericht\\\/\"},{\"@type\":\"ListItem\",\"position\":2,\"name\":\"Impressum\"}]},{\"@type\":\"WebSite\",\"@id\":\"https:\\\/\\\/ib.uzh.ch\\\/apps\\\/geschaeftsbericht\\\/#website\",\"url\":\"https:\\\/\\\/ib.uzh.ch\\\/apps\\\/geschaeftsbericht\\\/\",\"name\":\"DIB Gesch\u00e4ftsbericht\",\"description\":\"Direktion Immobilien und Betrieb\",\"potentialAction\":[{\"@type\":\"SearchAction\",\"target\":{\"@type\":\"EntryPoint\",\"urlTemplate\":\"https:\\\/\\\/ib.uzh.ch\\\/apps\\\/geschaeftsbericht\\\/?s={search_term_string}\"},\"query-input\":{\"@type\":\"PropertyValueSpecification\",\"valueRequired\":true,\"valueName\":\"search_term_string\"}}],\"inLanguage\":\"de\"}]}<\/script>\n<!-- \/ Yoast SEO plugin. -->","yoast_head_json":{"title":"Impressum - DIB Gesch\u00e4ftsbericht","robots":{"index":"index","follow":"follow","max-snippet":"max-snippet:-1","max-image-preview":"max-image-preview:large","max-video-preview":"max-video-preview:-1"},"canonical":"https:\/\/ib.uzh.ch\/apps\/geschaeftsbericht\/impressum\/","og_locale":"de_DE","og_type":"article","og_title":"Impressum - DIB Gesch\u00e4ftsbericht","og_description":"Verantwortlich f\u00fcr den Inhalt dieser Seite:Universit\u00e4t Z\u00fcrichDirektion Immobilien und BetriebKommunikation Pfingstweidstrasse 608005 Z\u00fcrichdialog@ib.uzh.ch Konzeption, Gestaltung und Programmierung:B\u00fcro4, Z\u00fcrich","og_url":"https:\/\/ib.uzh.ch\/apps\/geschaeftsbericht\/impressum\/","og_site_name":"DIB Gesch\u00e4ftsbericht","article_modified_time":"2025-03-26T07:52:21+00:00","twitter_card":"summary_large_image","twitter_misc":{"Gesch\u00e4tzte Lesezeit":"1\u00a0Minute"},"schema":{"@context":"https:\/\/schema.org","@graph":[{"@type":"WebPage","@id":"https:\/\/ib.uzh.ch\/apps\/geschaeftsbericht\/impressum\/","url":"https:\/\/ib.uzh.ch\/apps\/geschaeftsbericht\/impressum\/","name":"Impressum - DIB Gesch\u00e4ftsbericht","isPartOf":{"@id":"https:\/\/ib.uzh.ch\/apps\/geschaeftsbericht\/#website"},"datePublished":"2021-03-16T07:33:25+00:00","dateModified":"2025-03-26T07:52:21+00:00","breadcrumb":{"@id":"https:\/\/ib.uzh.ch\/apps\/geschaeftsbericht\/impressum\/#breadcrumb"},"inLanguage":"de","potentialAction":[{"@type":"ReadAction","target":["https:\/\/ib.uzh.ch\/apps\/geschaeftsbericht\/impressum\/"]}]},{"@type":"BreadcrumbList","@id":"https:\/\/ib.uzh.ch\/apps\/geschaeftsbericht\/impressum\/#breadcrumb","itemListElement":[{"@type":"ListItem","position":1,"name":"Startseite","item":"https:\/\/ib.uzh.ch\/apps\/geschaeftsbericht\/"},{"@type":"ListItem","position":2,"name":"Impressum"}]},{"@type":"WebSite","@id":"https:\/\/ib.uzh.ch\/apps\/geschaeftsbericht\/#website","url":"https:\/\/ib.uzh.ch\/apps\/geschaeftsbericht\/","name":"DIB Gesch\u00e4ftsbericht","description":"Direktion Immobilien und Betrieb","potentialAction":[{"@type":"SearchAction","target":{"@type":"EntryPoint","urlTemplate":"https:\/\/ib.uzh.ch\/apps\/geschaeftsbericht\/?s={search_term_string}"},"query-input":{"@type":"PropertyValueSpecification","valueRequired":true,"valueName":"search_term_string"}}],"inLanguage":"de"}]}},"_links":{"self":[{"href":"https:\/\/ib.uzh.ch\/apps\/geschaeftsbericht\/wp-json\/wp\/v2\/pages\/9","targetHints":{"allow":["GET"]}}],"collection":[{"href":"https:\/\/ib.uzh.ch\/apps\/geschaeftsbericht\/wp-json\/wp\/v2\/pages"}],"about":[{"href":"https:\/\/ib.uzh.ch\/apps\/geschaeftsbericht\/wp-json\/wp\/v2\/types\/page"}],"author":[{"embeddable":true,"href":"https:\/\/ib.uzh.ch\/apps\/geschaeftsbericht\/wp-json\/wp\/v2\/users\/10"}],"replies":[{"embeddable":true,"href":"https:\/\/ib.uzh.ch\/apps\/geschaeftsbericht\/wp-json\/wp\/v2\/comments?post=9"}],"version-history":[{"count":6,"href":"https:\/\/ib.uzh.ch\/apps\/geschaeftsbericht\/wp-json\/wp\/v2\/pages\/9\/revisions"}],"predecessor-version":[{"id":751,"href":"https:\/\/ib.uzh.ch\/apps\/geschaeftsbericht\/wp-json\/wp\/v2\/pages\/9\/revisions\/751"}],"wp:attachment":[{"href":"https:\/\/ib.uzh.ch\/apps\/geschaeftsbericht\/wp-json\/wp\/v2\/media?parent=9"}],"curies":[{"name":"wp","href":"https:\/\/api.w.org\/{rel}","templated":true}]}}