{"id":346,"date":"2024-01-03T10:06:52","date_gmt":"2024-01-03T09:06:52","guid":{"rendered":"https:\/\/ib.uzh.ch\/apps\/geschaeftsbericht\/?page_id=346"},"modified":"2024-08-15T16:16:57","modified_gmt":"2024-08-15T14:16:57","slug":"geschaeftsbericht-2023","status":"publish","type":"page","link":"https:\/\/ib.uzh.ch\/apps\/geschaeftsbericht\/geschaeftsbericht-2023\/","title":{"rendered":"Gesch\u00e4fts&shy;bericht <br>2023"},"content":{"rendered":"<p>Gesch\u00e4tzte Leserin<br \/>\nGesch\u00e4tzter Leser<\/p>\n<p style=\"font-weight: 400;\">Die Direktion Immobilien und Betrieb (DIB) ist mit Hochdruck unterwegs: Neben den regul\u00e4ren Aufgaben rund um Unterhalt, Betrieb und Werterhaltung der \u00fcber 230 von der Universit\u00e4t Z\u00fcrich genutzten Liegenschaften, treibt sie ein Planungs- und Bauprogramm voran, das bez\u00fcglich Umfang und Komplexit\u00e4t seinesgleichen sucht. Einige Beispiele: Das FORUM UZH, zuk\u00fcnftiges Flaggschiff und Wahrzeichen der Universit\u00e4t Z\u00fcrich, ist vom Kantonsrat beschlossene Sache. Das Vorprojekt f\u00fcr den Doppelpack-Neubau Zentrum f\u00fcr Zahnmedizin ZZM\/Comprehensive Cancer Center Zurich steht. Das Neubauvorhaben PORTAL UZH auf dem Campus Irchel hat im Rahmen eines Projektwettbewerbs konkrete Gestalt angenommen und geht in die n\u00e4chste Runde.<\/p>\n<p style=\"font-weight: 400;\">2023 war f\u00fcr die DIB ein spannendes, arbeitsintensives und in vielerlei Hinsicht erfreuliches Jahr. Wir verf\u00fcgen \u00fcber ein solides, strategisches Fundament, haben das in den letzten f\u00fcnf Jahren gemeinsam gefestigte Werteverst\u00e4ndnis aktualisiert und sind stolz darauf, zum Wachsen und Gedeihen der gr\u00f6ssten Volluniversit\u00e4t der Schweiz beitragen zu d\u00fcrfen. Was das heisst, verraten Ihnen die Momentaufnahmen, Highlights und Streiflichter aus dem vergangenen DIB-Jahr.<\/p>\n<p>Fran\u00e7ois Chapuis<br \/>\nDirektor<\/p>\n","protected":false},"excerpt":{"rendered":"<p>Gesch\u00e4tzte Leserin Gesch\u00e4tzter Leser Die Direktion Immobilien und Betrieb (DIB) ist mit Hochdruck unterwegs: Neben den regul\u00e4ren Aufgaben rund um Unterhalt, Betrieb und Werterhaltung der \u00fcber 230 von der Universit\u00e4t Z\u00fcrich genutzten Liegenschaften, treibt sie ein Planungs- und Bauprogramm voran, das bez\u00fcglich Umfang und Komplexit\u00e4t seinesgleichen sucht. Einige Beispiele: Das FORUM UZH, zuk\u00fcnftiges Flaggschiff und &hellip; <a href=\"https:\/\/ib.uzh.ch\/apps\/geschaeftsbericht\/geschaeftsbericht-2023\/\">Continued<\/a><\/p>\n","protected":false},"author":10,"featured_media":0,"parent":0,"menu_order":1,"comment_status":"closed","ping_status":"closed","template":"template-bericht-neu.blade.php","meta":{"_acf_changed":false,"inline_featured_image":false,"footnotes":""},"class_list":["post-346","page","type-page","status-publish","hentry"],"acf":[],"yoast_head":"<!-- This site is optimized with the Yoast SEO plugin v27.5 - https:\/\/yoast.com\/product\/yoast-seo-wordpress\/ -->\n<title>Gesch\u00e4fts&shy;bericht 2023 - DIB Gesch\u00e4ftsbericht<\/title>\n<meta name=\"robots\" content=\"index, follow, max-snippet:-1, max-image-preview:large, max-video-preview:-1\" \/>\n<link rel=\"canonical\" href=\"https:\/\/ib.uzh.ch\/apps\/geschaeftsbericht\/geschaeftsbericht-2023\/\" \/>\n<meta property=\"og:locale\" content=\"de_DE\" \/>\n<meta property=\"og:type\" content=\"article\" \/>\n<meta property=\"og:title\" content=\"Gesch\u00e4fts&shy;bericht 2023 - DIB Gesch\u00e4ftsbericht\" \/>\n<meta property=\"og:description\" content=\"Gesch\u00e4tzte Leserin Gesch\u00e4tzter Leser Die Direktion Immobilien und Betrieb (DIB) ist mit Hochdruck unterwegs: Neben den regul\u00e4ren Aufgaben rund um Unterhalt, Betrieb und Werterhaltung der \u00fcber 230 von der Universit\u00e4t Z\u00fcrich genutzten Liegenschaften, treibt sie ein Planungs- und Bauprogramm voran, das bez\u00fcglich Umfang und Komplexit\u00e4t seinesgleichen sucht. Einige Beispiele: Das FORUM UZH, zuk\u00fcnftiges Flaggschiff und &hellip; Continued\" \/>\n<meta property=\"og:url\" content=\"https:\/\/ib.uzh.ch\/apps\/geschaeftsbericht\/geschaeftsbericht-2023\/\" \/>\n<meta property=\"og:site_name\" content=\"DIB Gesch\u00e4ftsbericht\" \/>\n<meta property=\"article:modified_time\" content=\"2024-08-15T14:16:57+00:00\" \/>\n<meta name=\"twitter:card\" content=\"summary_large_image\" \/>\n<meta name=\"twitter:label1\" content=\"Gesch\u00e4tzte Lesezeit\" \/>\n\t<meta name=\"twitter:data1\" content=\"1\u00a0Minute\" \/>\n<script type=\"application\/ld+json\" class=\"yoast-schema-graph\">{\"@context\":\"https:\\\/\\\/schema.org\",\"@graph\":[{\"@type\":\"WebPage\",\"@id\":\"https:\\\/\\\/ib.uzh.ch\\\/apps\\\/geschaeftsbericht\\\/geschaeftsbericht-2023\\\/\",\"url\":\"https:\\\/\\\/ib.uzh.ch\\\/apps\\\/geschaeftsbericht\\\/geschaeftsbericht-2023\\\/\",\"name\":\"Gesch\u00e4fts&shy;bericht 2023 - DIB Gesch\u00e4ftsbericht\",\"isPartOf\":{\"@id\":\"https:\\\/\\\/ib.uzh.ch\\\/apps\\\/geschaeftsbericht\\\/#website\"},\"datePublished\":\"2024-01-03T09:06:52+00:00\",\"dateModified\":\"2024-08-15T14:16:57+00:00\",\"breadcrumb\":{\"@id\":\"https:\\\/\\\/ib.uzh.ch\\\/apps\\\/geschaeftsbericht\\\/geschaeftsbericht-2023\\\/#breadcrumb\"},\"inLanguage\":\"de\",\"potentialAction\":[{\"@type\":\"ReadAction\",\"target\":[\"https:\\\/\\\/ib.uzh.ch\\\/apps\\\/geschaeftsbericht\\\/geschaeftsbericht-2023\\\/\"]}]},{\"@type\":\"BreadcrumbList\",\"@id\":\"https:\\\/\\\/ib.uzh.ch\\\/apps\\\/geschaeftsbericht\\\/geschaeftsbericht-2023\\\/#breadcrumb\",\"itemListElement\":[{\"@type\":\"ListItem\",\"position\":1,\"name\":\"Startseite\",\"item\":\"https:\\\/\\\/ib.uzh.ch\\\/apps\\\/geschaeftsbericht\\\/\"},{\"@type\":\"ListItem\",\"position\":2,\"name\":\"Gesch\u00e4fts&shy;bericht 2023\"}]},{\"@type\":\"WebSite\",\"@id\":\"https:\\\/\\\/ib.uzh.ch\\\/apps\\\/geschaeftsbericht\\\/#website\",\"url\":\"https:\\\/\\\/ib.uzh.ch\\\/apps\\\/geschaeftsbericht\\\/\",\"name\":\"DIB Gesch\u00e4ftsbericht\",\"description\":\"Direktion Immobilien und Betrieb\",\"potentialAction\":[{\"@type\":\"SearchAction\",\"target\":{\"@type\":\"EntryPoint\",\"urlTemplate\":\"https:\\\/\\\/ib.uzh.ch\\\/apps\\\/geschaeftsbericht\\\/?s={search_term_string}\"},\"query-input\":{\"@type\":\"PropertyValueSpecification\",\"valueRequired\":true,\"valueName\":\"search_term_string\"}}],\"inLanguage\":\"de\"}]}<\/script>\n<!-- \/ Yoast SEO plugin. -->","yoast_head_json":{"title":"Gesch\u00e4fts&shy;bericht 2023 - DIB Gesch\u00e4ftsbericht","robots":{"index":"index","follow":"follow","max-snippet":"max-snippet:-1","max-image-preview":"max-image-preview:large","max-video-preview":"max-video-preview:-1"},"canonical":"https:\/\/ib.uzh.ch\/apps\/geschaeftsbericht\/geschaeftsbericht-2023\/","og_locale":"de_DE","og_type":"article","og_title":"Gesch\u00e4fts&shy;bericht 2023 - DIB Gesch\u00e4ftsbericht","og_description":"Gesch\u00e4tzte Leserin Gesch\u00e4tzter Leser Die Direktion Immobilien und Betrieb (DIB) ist mit Hochdruck unterwegs: Neben den regul\u00e4ren Aufgaben rund um Unterhalt, Betrieb und Werterhaltung der \u00fcber 230 von der Universit\u00e4t Z\u00fcrich genutzten Liegenschaften, treibt sie ein Planungs- und Bauprogramm voran, das bez\u00fcglich Umfang und Komplexit\u00e4t seinesgleichen sucht. Einige Beispiele: Das FORUM UZH, zuk\u00fcnftiges Flaggschiff und &hellip; Continued","og_url":"https:\/\/ib.uzh.ch\/apps\/geschaeftsbericht\/geschaeftsbericht-2023\/","og_site_name":"DIB Gesch\u00e4ftsbericht","article_modified_time":"2024-08-15T14:16:57+00:00","twitter_card":"summary_large_image","twitter_misc":{"Gesch\u00e4tzte Lesezeit":"1\u00a0Minute"},"schema":{"@context":"https:\/\/schema.org","@graph":[{"@type":"WebPage","@id":"https:\/\/ib.uzh.ch\/apps\/geschaeftsbericht\/geschaeftsbericht-2023\/","url":"https:\/\/ib.uzh.ch\/apps\/geschaeftsbericht\/geschaeftsbericht-2023\/","name":"Gesch\u00e4fts&shy;bericht 2023 - DIB Gesch\u00e4ftsbericht","isPartOf":{"@id":"https:\/\/ib.uzh.ch\/apps\/geschaeftsbericht\/#website"},"datePublished":"2024-01-03T09:06:52+00:00","dateModified":"2024-08-15T14:16:57+00:00","breadcrumb":{"@id":"https:\/\/ib.uzh.ch\/apps\/geschaeftsbericht\/geschaeftsbericht-2023\/#breadcrumb"},"inLanguage":"de","potentialAction":[{"@type":"ReadAction","target":["https:\/\/ib.uzh.ch\/apps\/geschaeftsbericht\/geschaeftsbericht-2023\/"]}]},{"@type":"BreadcrumbList","@id":"https:\/\/ib.uzh.ch\/apps\/geschaeftsbericht\/geschaeftsbericht-2023\/#breadcrumb","itemListElement":[{"@type":"ListItem","position":1,"name":"Startseite","item":"https:\/\/ib.uzh.ch\/apps\/geschaeftsbericht\/"},{"@type":"ListItem","position":2,"name":"Gesch\u00e4fts&shy;bericht 2023"}]},{"@type":"WebSite","@id":"https:\/\/ib.uzh.ch\/apps\/geschaeftsbericht\/#website","url":"https:\/\/ib.uzh.ch\/apps\/geschaeftsbericht\/","name":"DIB Gesch\u00e4ftsbericht","description":"Direktion Immobilien und Betrieb","potentialAction":[{"@type":"SearchAction","target":{"@type":"EntryPoint","urlTemplate":"https:\/\/ib.uzh.ch\/apps\/geschaeftsbericht\/?s={search_term_string}"},"query-input":{"@type":"PropertyValueSpecification","valueRequired":true,"valueName":"search_term_string"}}],"inLanguage":"de"}]}},"_links":{"self":[{"href":"https:\/\/ib.uzh.ch\/apps\/geschaeftsbericht\/wp-json\/wp\/v2\/pages\/346","targetHints":{"allow":["GET"]}}],"collection":[{"href":"https:\/\/ib.uzh.ch\/apps\/geschaeftsbericht\/wp-json\/wp\/v2\/pages"}],"about":[{"href":"https:\/\/ib.uzh.ch\/apps\/geschaeftsbericht\/wp-json\/wp\/v2\/types\/page"}],"author":[{"embeddable":true,"href":"https:\/\/ib.uzh.ch\/apps\/geschaeftsbericht\/wp-json\/wp\/v2\/users\/10"}],"replies":[{"embeddable":true,"href":"https:\/\/ib.uzh.ch\/apps\/geschaeftsbericht\/wp-json\/wp\/v2\/comments?post=346"}],"version-history":[{"count":67,"href":"https:\/\/ib.uzh.ch\/apps\/geschaeftsbericht\/wp-json\/wp\/v2\/pages\/346\/revisions"}],"predecessor-version":[{"id":543,"href":"https:\/\/ib.uzh.ch\/apps\/geschaeftsbericht\/wp-json\/wp\/v2\/pages\/346\/revisions\/543"}],"wp:attachment":[{"href":"https:\/\/ib.uzh.ch\/apps\/geschaeftsbericht\/wp-json\/wp\/v2\/media?parent=346"}],"curies":[{"name":"wp","href":"https:\/\/api.w.org\/{rel}","templated":true}]}}