{"id":2,"date":"2020-09-17T14:22:34","date_gmt":"2020-09-17T12:22:34","guid":{"rendered":"http:\/\/base4.local\/?page_id=2"},"modified":"2023-03-28T15:54:29","modified_gmt":"2023-03-28T13:54:29","slug":"geschaeftsbericht-2021","status":"publish","type":"page","link":"https:\/\/ib.uzh.ch\/apps\/geschaeftsbericht\/geschaeftsbericht-2021\/","title":{"rendered":"Gesch\u00e4fts&shy;bericht <br>2021"},"content":{"rendered":"<p>Gesch\u00e4tzte Leserin<br \/>\nGesch\u00e4tzter Leser<\/p>\n<p>Wenn international renommierte Stararchitekten ihre Ideen f\u00fcr wichtige Bauprojekte der Universit\u00e4t Z\u00fcrich pr\u00e4sentieren oder Einweihungen von Neu- und Erweiterungsbauten anstehen, f\u00e4llt auch ein Glanzlicht auf die Direktion Immobilien und Betrieb. Doch mit den grossen W\u00fcrfen haben wir unsere Schuldigkeit l\u00e4ngst nicht getan.<span class=\"Apple-converted-space\">\u00a0<\/span><\/p>\n<p>Als gute Geister im Hintergrund ist es unsere Aufgabe, f\u00fcr Studierende, Lehrende und Forschende an der UZH eine exzellente Infrastruktur bereitzustellen und diese permanent weiterzuentwickeln. 2021 bot uns Gelegenheit, alle Register unseres Kompetenzspektrums zu ziehen. Deshalb haben wir uns entschieden, erstmals einen eigenen Gesch\u00e4ftsbericht zu publizieren.<\/p>\n<p>Lesen Sie, wie wir die Digitalisierung ein gutes St\u00fcck vorangetrieben haben, weshalb nun auch Pferde und K\u00fche tomographisch untersucht werden k\u00f6nnen und wie wir daf\u00fcr gesorgt haben, dass die Studierenden im Slavischen Seminar nicht mehr im Dunkeln tappen. Erfahren Sie, weshalb wir uns \u00fcber der Liegenschaftsrechnung den Kopf zerbrechen, wie wir uns die B\u00fcrowelt der Zukunft vorstellen, was wir mit dem AWEL am Hut haben und vieles mehr.<\/p>\n<p>Was immer wir tun: Es ist spannend. Erst recht, wenn einem auch noch ein heimt\u00fcckisches Virus in die Quere kommt.<\/p>\n<p>Ich lade Sie herzlich ein, das DIB-Jahr 2021 anhand von gut verdaulichen Texth\u00e4ppchen Revue passieren zu lassen und w\u00fcnsche Ihnen eine aufschlussreiche Lekt\u00fcre.<\/p>\n<p>Fran\u00e7ois Chapuis<br \/>\nDirektor<\/p>\n","protected":false},"excerpt":{"rendered":"<p>Gesch\u00e4tzte Leserin Gesch\u00e4tzter Leser Wenn international renommierte Stararchitekten ihre Ideen f\u00fcr wichtige Bauprojekte der Universit\u00e4t Z\u00fcrich pr\u00e4sentieren oder Einweihungen von Neu- und Erweiterungsbauten anstehen, f\u00e4llt auch ein Glanzlicht auf die Direktion Immobilien und Betrieb. Doch mit den grossen W\u00fcrfen haben wir unsere Schuldigkeit l\u00e4ngst nicht getan.\u00a0 Als gute Geister im Hintergrund ist es unsere Aufgabe, &hellip; <a href=\"https:\/\/ib.uzh.ch\/apps\/geschaeftsbericht\/geschaeftsbericht-2021\/\">Continued<\/a><\/p>\n","protected":false},"author":10,"featured_media":0,"parent":0,"menu_order":1,"comment_status":"closed","ping_status":"closed","template":"template-bericht.blade.php","meta":{"_acf_changed":false,"inline_featured_image":false,"footnotes":""},"class_list":["post-2","page","type-page","status-publish","hentry"],"acf":[],"yoast_head":"<!-- This site is optimized with the Yoast SEO plugin v27.5 - https:\/\/yoast.com\/product\/yoast-seo-wordpress\/ -->\n<title>Gesch\u00e4fts&shy;bericht 2021 - DIB Gesch\u00e4ftsbericht<\/title>\n<meta name=\"robots\" content=\"index, follow, max-snippet:-1, max-image-preview:large, max-video-preview:-1\" \/>\n<link rel=\"canonical\" href=\"https:\/\/ib.uzh.ch\/apps\/geschaeftsbericht\/geschaeftsbericht-2021\/\" \/>\n<meta property=\"og:locale\" content=\"de_DE\" \/>\n<meta property=\"og:type\" content=\"article\" \/>\n<meta property=\"og:title\" content=\"Gesch\u00e4fts&shy;bericht 2021 - DIB Gesch\u00e4ftsbericht\" \/>\n<meta property=\"og:description\" content=\"Gesch\u00e4tzte Leserin Gesch\u00e4tzter Leser Wenn international renommierte Stararchitekten ihre Ideen f\u00fcr wichtige Bauprojekte der Universit\u00e4t Z\u00fcrich pr\u00e4sentieren oder Einweihungen von Neu- und Erweiterungsbauten anstehen, f\u00e4llt auch ein Glanzlicht auf die Direktion Immobilien und Betrieb. Doch mit den grossen W\u00fcrfen haben wir unsere Schuldigkeit l\u00e4ngst nicht getan.\u00a0 Als gute Geister im Hintergrund ist es unsere Aufgabe, &hellip; Continued\" \/>\n<meta property=\"og:url\" content=\"https:\/\/ib.uzh.ch\/apps\/geschaeftsbericht\/geschaeftsbericht-2021\/\" \/>\n<meta property=\"og:site_name\" content=\"DIB Gesch\u00e4ftsbericht\" \/>\n<meta property=\"article:modified_time\" content=\"2023-03-28T13:54:29+00:00\" \/>\n<meta name=\"twitter:card\" content=\"summary_large_image\" \/>\n<meta name=\"twitter:label1\" content=\"Gesch\u00e4tzte Lesezeit\" \/>\n\t<meta name=\"twitter:data1\" content=\"2\u00a0Minuten\" \/>\n<script type=\"application\/ld+json\" class=\"yoast-schema-graph\">{\"@context\":\"https:\\\/\\\/schema.org\",\"@graph\":[{\"@type\":\"WebPage\",\"@id\":\"https:\\\/\\\/ib.uzh.ch\\\/apps\\\/geschaeftsbericht\\\/geschaeftsbericht-2021\\\/\",\"url\":\"https:\\\/\\\/ib.uzh.ch\\\/apps\\\/geschaeftsbericht\\\/geschaeftsbericht-2021\\\/\",\"name\":\"Gesch\u00e4fts&shy;bericht 2021 - DIB Gesch\u00e4ftsbericht\",\"isPartOf\":{\"@id\":\"https:\\\/\\\/ib.uzh.ch\\\/apps\\\/geschaeftsbericht\\\/#website\"},\"datePublished\":\"2020-09-17T12:22:34+00:00\",\"dateModified\":\"2023-03-28T13:54:29+00:00\",\"breadcrumb\":{\"@id\":\"https:\\\/\\\/ib.uzh.ch\\\/apps\\\/geschaeftsbericht\\\/geschaeftsbericht-2021\\\/#breadcrumb\"},\"inLanguage\":\"de\",\"potentialAction\":[{\"@type\":\"ReadAction\",\"target\":[\"https:\\\/\\\/ib.uzh.ch\\\/apps\\\/geschaeftsbericht\\\/geschaeftsbericht-2021\\\/\"]}]},{\"@type\":\"BreadcrumbList\",\"@id\":\"https:\\\/\\\/ib.uzh.ch\\\/apps\\\/geschaeftsbericht\\\/geschaeftsbericht-2021\\\/#breadcrumb\",\"itemListElement\":[{\"@type\":\"ListItem\",\"position\":1,\"name\":\"Startseite\",\"item\":\"https:\\\/\\\/ib.uzh.ch\\\/apps\\\/geschaeftsbericht\\\/\"},{\"@type\":\"ListItem\",\"position\":2,\"name\":\"Gesch\u00e4fts&shy;bericht 2021\"}]},{\"@type\":\"WebSite\",\"@id\":\"https:\\\/\\\/ib.uzh.ch\\\/apps\\\/geschaeftsbericht\\\/#website\",\"url\":\"https:\\\/\\\/ib.uzh.ch\\\/apps\\\/geschaeftsbericht\\\/\",\"name\":\"DIB Gesch\u00e4ftsbericht\",\"description\":\"Direktion Immobilien und Betrieb\",\"potentialAction\":[{\"@type\":\"SearchAction\",\"target\":{\"@type\":\"EntryPoint\",\"urlTemplate\":\"https:\\\/\\\/ib.uzh.ch\\\/apps\\\/geschaeftsbericht\\\/?s={search_term_string}\"},\"query-input\":{\"@type\":\"PropertyValueSpecification\",\"valueRequired\":true,\"valueName\":\"search_term_string\"}}],\"inLanguage\":\"de\"}]}<\/script>\n<!-- \/ Yoast SEO plugin. -->","yoast_head_json":{"title":"Gesch\u00e4fts&shy;bericht 2021 - DIB Gesch\u00e4ftsbericht","robots":{"index":"index","follow":"follow","max-snippet":"max-snippet:-1","max-image-preview":"max-image-preview:large","max-video-preview":"max-video-preview:-1"},"canonical":"https:\/\/ib.uzh.ch\/apps\/geschaeftsbericht\/geschaeftsbericht-2021\/","og_locale":"de_DE","og_type":"article","og_title":"Gesch\u00e4fts&shy;bericht 2021 - DIB Gesch\u00e4ftsbericht","og_description":"Gesch\u00e4tzte Leserin Gesch\u00e4tzter Leser Wenn international renommierte Stararchitekten ihre Ideen f\u00fcr wichtige Bauprojekte der Universit\u00e4t Z\u00fcrich pr\u00e4sentieren oder Einweihungen von Neu- und Erweiterungsbauten anstehen, f\u00e4llt auch ein Glanzlicht auf die Direktion Immobilien und Betrieb. Doch mit den grossen W\u00fcrfen haben wir unsere Schuldigkeit l\u00e4ngst nicht getan.\u00a0 Als gute Geister im Hintergrund ist es unsere Aufgabe, &hellip; Continued","og_url":"https:\/\/ib.uzh.ch\/apps\/geschaeftsbericht\/geschaeftsbericht-2021\/","og_site_name":"DIB Gesch\u00e4ftsbericht","article_modified_time":"2023-03-28T13:54:29+00:00","twitter_card":"summary_large_image","twitter_misc":{"Gesch\u00e4tzte Lesezeit":"2\u00a0Minuten"},"schema":{"@context":"https:\/\/schema.org","@graph":[{"@type":"WebPage","@id":"https:\/\/ib.uzh.ch\/apps\/geschaeftsbericht\/geschaeftsbericht-2021\/","url":"https:\/\/ib.uzh.ch\/apps\/geschaeftsbericht\/geschaeftsbericht-2021\/","name":"Gesch\u00e4fts&shy;bericht 2021 - DIB Gesch\u00e4ftsbericht","isPartOf":{"@id":"https:\/\/ib.uzh.ch\/apps\/geschaeftsbericht\/#website"},"datePublished":"2020-09-17T12:22:34+00:00","dateModified":"2023-03-28T13:54:29+00:00","breadcrumb":{"@id":"https:\/\/ib.uzh.ch\/apps\/geschaeftsbericht\/geschaeftsbericht-2021\/#breadcrumb"},"inLanguage":"de","potentialAction":[{"@type":"ReadAction","target":["https:\/\/ib.uzh.ch\/apps\/geschaeftsbericht\/geschaeftsbericht-2021\/"]}]},{"@type":"BreadcrumbList","@id":"https:\/\/ib.uzh.ch\/apps\/geschaeftsbericht\/geschaeftsbericht-2021\/#breadcrumb","itemListElement":[{"@type":"ListItem","position":1,"name":"Startseite","item":"https:\/\/ib.uzh.ch\/apps\/geschaeftsbericht\/"},{"@type":"ListItem","position":2,"name":"Gesch\u00e4fts&shy;bericht 2021"}]},{"@type":"WebSite","@id":"https:\/\/ib.uzh.ch\/apps\/geschaeftsbericht\/#website","url":"https:\/\/ib.uzh.ch\/apps\/geschaeftsbericht\/","name":"DIB Gesch\u00e4ftsbericht","description":"Direktion Immobilien und Betrieb","potentialAction":[{"@type":"SearchAction","target":{"@type":"EntryPoint","urlTemplate":"https:\/\/ib.uzh.ch\/apps\/geschaeftsbericht\/?s={search_term_string}"},"query-input":{"@type":"PropertyValueSpecification","valueRequired":true,"valueName":"search_term_string"}}],"inLanguage":"de"}]}},"_links":{"self":[{"href":"https:\/\/ib.uzh.ch\/apps\/geschaeftsbericht\/wp-json\/wp\/v2\/pages\/2","targetHints":{"allow":["GET"]}}],"collection":[{"href":"https:\/\/ib.uzh.ch\/apps\/geschaeftsbericht\/wp-json\/wp\/v2\/pages"}],"about":[{"href":"https:\/\/ib.uzh.ch\/apps\/geschaeftsbericht\/wp-json\/wp\/v2\/types\/page"}],"author":[{"embeddable":true,"href":"https:\/\/ib.uzh.ch\/apps\/geschaeftsbericht\/wp-json\/wp\/v2\/users\/10"}],"replies":[{"embeddable":true,"href":"https:\/\/ib.uzh.ch\/apps\/geschaeftsbericht\/wp-json\/wp\/v2\/comments?post=2"}],"version-history":[{"count":46,"href":"https:\/\/ib.uzh.ch\/apps\/geschaeftsbericht\/wp-json\/wp\/v2\/pages\/2\/revisions"}],"predecessor-version":[{"id":243,"href":"https:\/\/ib.uzh.ch\/apps\/geschaeftsbericht\/wp-json\/wp\/v2\/pages\/2\/revisions\/243"}],"wp:attachment":[{"href":"https:\/\/ib.uzh.ch\/apps\/geschaeftsbericht\/wp-json\/wp\/v2\/media?parent=2"}],"curies":[{"name":"wp","href":"https:\/\/api.w.org\/{rel}","templated":true}]}}